{"id":13,"date":"2024-04-05T18:17:12","date_gmt":"2024-04-05T18:17:12","guid":{"rendered":"https:\/\/voice-rejoice.com\/?page_id=13"},"modified":"2025-12-06T07:57:51","modified_gmt":"2025-12-06T07:57:51","slug":"chorleiter","status":"publish","type":"page","link":"https:\/\/voice-rejoice.com\/?page_id=13","title":{"rendered":"Chorleiter"},"content":{"rendered":"\n<h2 class=\"wp-block-heading\">Pedro Santos Figueira<\/h2>\n\n\n\n<div class=\"wp-block-media-text is-stacked-on-mobile is-image-fill-element\" style=\"grid-template-columns:40% auto\"><figure class=\"wp-block-media-text__media\"><img loading=\"lazy\" decoding=\"async\" width=\"1024\" height=\"982\" src=\"https:\/\/voice-rejoice.com\/wp-content\/uploads\/2024\/04\/Pedro-Santos-Figueira-1024x982.png\" alt=\"\" class=\"wp-image-56 size-full\" style=\"object-position:57% 30%\" srcset=\"https:\/\/voice-rejoice.com\/wp-content\/uploads\/2024\/04\/Pedro-Santos-Figueira-1024x982.png 1024w, https:\/\/voice-rejoice.com\/wp-content\/uploads\/2024\/04\/Pedro-Santos-Figueira-300x288.png 300w, https:\/\/voice-rejoice.com\/wp-content\/uploads\/2024\/04\/Pedro-Santos-Figueira-768x736.png 768w, https:\/\/voice-rejoice.com\/wp-content\/uploads\/2024\/04\/Pedro-Santos-Figueira-1536x1473.png 1536w, https:\/\/voice-rejoice.com\/wp-content\/uploads\/2024\/04\/Pedro-Santos-Figueira-2048x1964.png 2048w, https:\/\/voice-rejoice.com\/wp-content\/uploads\/2024\/04\/Pedro-Santos-Figueira-647x620.png 647w, https:\/\/voice-rejoice.com\/wp-content\/uploads\/2024\/04\/Pedro-Santos-Figueira-1043x1000.png 1043w, https:\/\/voice-rejoice.com\/wp-content\/uploads\/2024\/04\/Pedro-Santos-Figueira-600x575.png 600w, https:\/\/voice-rejoice.com\/wp-content\/uploads\/2024\/04\/Pedro-Santos-Figueira-400x384.png 400w\" sizes=\"auto, (max-width: 1024px) 100vw, 1024px\" \/><\/figure><div class=\"wp-block-media-text__content\">\n<p>&#8222;VOICE, REJOICE!&#8220; wird seit 2015 von <a href=\"https:\/\/pedrosantosfigueira.com\" target=\"_blank\" rel=\"noreferrer noopener\"><strong>Pedro Santos Figueira<\/strong><\/a> geleitet. Der ausgebildete <strong>Dirigent und Komponist<\/strong> entwickelt den Klang des Chores stetig weiter. Dabei kann er auf seinen eigenen langj\u00e4hrigen Erfahrungsschatz als Dirigent aber auch als <strong>S\u00e4nger<\/strong> in verschiedenen professionellen Ch\u00f6ren und Ensembles im In- und Ausland, darunter der <a href=\"https:\/\/gulbenkian.pt\/musica\/en\/choir-and-orchestra\/coro-gulbenkian\/\" data-type=\"link\" data-id=\"https:\/\/gulbenkian.pt\/musica\/en\/choir-and-orchestra\/coro-gulbenkian\/\" target=\"_blank\" rel=\"noreferrer noopener\">Coro Gulbenkian<\/a>, das <a href=\"https:\/\/www.wiener-dommusik.at\/ensembles_vokalensemble.php\" target=\"_blank\" rel=\"noreferrer noopener\">Stephansdom Vokalensemble<\/a> und der <a href=\"https:\/\/www.asc.at\/\" data-type=\"link\" data-id=\"https:\/\/www.asc.at\/\">Arnold Sch\u00f6nberg Chor<\/a>, zur\u00fcckgreifen und schafft es zudem neben der Vermittlung von Wissen und Gesangstechnik in der Probenarbeit vor allem auch die Freude am gemeinsamen Musizieren zu transportieren.<\/p>\n<\/div><\/div>\n\n\n\n<p><strong>Pedro Santos Figueira<\/strong>\u00a0schloss seine beiden Studien <strong>Komposition<\/strong> an der\u00a0<a href=\"https:\/\/www.esml.ipl.pt\/\" target=\"_blank\" rel=\"noreferrer noopener\">Escola Superior de M\u00fasica de Lisboa<\/a>\u00a0und <strong>Orchesterdirigieren<\/strong>, bei\u00a0Lucas Vis\u202fam\u00a0<a href=\"https:\/\/www.conservatoriumvanamsterdam.nl\/en\/\">Conservatorium van Amsterdam<\/a> jeweils mit Auszeichnung ab. Zudem studierte er Blockfl\u00f6te an der Escola de M\u00fasica do Conservat\u00f3rio Nacional de Lisboa. <\/p>\n\n\n\n<p>Schon seit seiner Studienzeit organisierte und dirigierte er viele verschiedene Orchester, Ch\u00f6re und Ensembles im In- und Ausland, z.B. das CREA-Orkest, den Leidenhoven Klein Koor, den H7 Chor, den Pulchra Maria Chor, den Chor Cantus Carnuntum, den Jakobus Kirchenchor, die Chorgemeinschaft Berndorf-Veitsau, den Chor Cantate Nova, das Vocal Ensemble M\u00f6dling und weitere Instrumental- und Vokalensembles. Zur Auff\u00fchrung von Mendelssohns Elias im Dom Wiener Neustadt dirigierte Pedro das M\u00f6dlinger Symphonische Orchester (MSO) sowie das Vocal Ensemble M\u00f6dling und den Lutherchor N\u00d6. Mit dem Wiener <a href=\"https:\/\/www.concentus21.at\/\" data-type=\"link\" data-id=\"https:\/\/www.concentus21.at\/\" target=\"_blank\" rel=\"noreferrer noopener\">Orchester Concentus21<\/a> interpretierte er in mehreren Konzerten Beethoven, Hummel, Bartholdy, Mozart und Haydn.<\/p>\n\n\n\n<p>Derzeit leitet er den <a href=\"https:\/\/voice-rejoice.com\/\" data-type=\"link\" data-id=\"https:\/\/voice-rejoice.com\/\" target=\"_blank\" rel=\"noreferrer noopener\">Gospelchor \u201eVOICE, REJOICE!\u201c<\/a>,\u00a0den \u201e<a href=\"https:\/\/www.chorquodlibetbisamberg.com\/\" target=\"_blank\" rel=\"noreferrer noopener\">Chor Quodlibet Bisamberg<\/a>\u201c, ist Dirigent der\u00a0<a href=\"https:\/\/www.pfw.at\/\">PFW \u2013 Brassband Wien<\/a>.\u00a0Zudem ist er der Gr\u00fcnder, Dirigent\u202fund k\u00fcnstlerische Leiter von \u201e<a href=\"http:\/\/spiritusluminis.com\/\" target=\"_blank\" rel=\"noreferrer noopener\">Spiritus Luminis<\/a>\u201c \u2013 einem auf alte und moderne Musik spezialisierten Ensemble aus BerufsmusikerInnen. Dar\u00fcber hinaus widmet er sich der Komposition.<\/p>\n\n\n\n<p>Kompositionen von Pedro Santos Figueira wurden im In- und Ausland (ur-)aufgef\u00fchrt. Die Urauff\u00fchrung seines Werks \u201eQui habitat in adjutorio Altissimi\u201c im Wiener Stephansdom vom <a href=\"https:\/\/www.wiener-dommusik.at\/ensembles_vokalensemble.php\" data-type=\"link\" data-id=\"https:\/\/www.wiener-dommusik.at\/ensembles_vokalensemble.php\" target=\"_blank\" rel=\"noreferrer noopener\">Stephansdom Vokalensemble<\/a> unter der Leitung von Domkapellmeister Markus Landerer stellte dabei einen H\u00f6hepunkt dar, wenngleich freilich jede (Ur-)auff\u00fchrung ein besonderer Moment f\u00fcr einen Komponisten ist. Eine Komposition von ihm (\u201eHalleluja\u201c) wurde \u00fcbrigens in der Pfarrkirche Hinterbr\u00fchl von \u201eVOICE, REJOICE!\u201c und unter der Leitung von Pedro Santos Figueira uraufgef\u00fchrt. Mehr Informationen zu seinen Werken sind hier zu finden:\u00a0<a href=\"https:\/\/pedrosantosfigueira.com\/?page_id=11\" target=\"_blank\" rel=\"noreferrer noopener\">Kompositionen<\/a>.<\/p>\n\n\n\n<p>Weitere Informationen \u00fcber Pedro Santos Figueira siehe <a href=\"https:\/\/pedrosantosfigueira.com\" target=\"_blank\" rel=\"noreferrer noopener\">https:\/\/pedrosantosfigueira.com<\/a><\/p>\n\n\n\n<p><\/p>\n","protected":false},"excerpt":{"rendered":"<p>Pedro Santos Figueira &#8222;VOICE, REJOICE!&#8220; wird seit 2015 von Pedro Santos Figueira geleitet. Der ausgebildete Dirigent und Komponist entwickelt den Klang des Chores stetig weiter. Dabei kann er auf seinen&hellip;<a href=\"https:\/\/voice-rejoice.com\/?page_id=13\" class=\"more-link\"><span class=\"more-button\">Continue reading<span class=\"screen-reader-text\">Chorleiter<\/span><\/span><\/a><\/p>\n","protected":false},"author":1,"featured_media":0,"parent":0,"menu_order":0,"comment_status":"closed","ping_status":"closed","template":"","meta":{"footnotes":""},"class_list":["post-13","page","type-page","status-publish","hentry"],"_links":{"self":[{"href":"https:\/\/voice-rejoice.com\/index.php?rest_route=\/wp\/v2\/pages\/13","targetHints":{"allow":["GET"]}}],"collection":[{"href":"https:\/\/voice-rejoice.com\/index.php?rest_route=\/wp\/v2\/pages"}],"about":[{"href":"https:\/\/voice-rejoice.com\/index.php?rest_route=\/wp\/v2\/types\/page"}],"author":[{"embeddable":true,"href":"https:\/\/voice-rejoice.com\/index.php?rest_route=\/wp\/v2\/users\/1"}],"replies":[{"embeddable":true,"href":"https:\/\/voice-rejoice.com\/index.php?rest_route=%2Fwp%2Fv2%2Fcomments&post=13"}],"version-history":[{"count":12,"href":"https:\/\/voice-rejoice.com\/index.php?rest_route=\/wp\/v2\/pages\/13\/revisions"}],"predecessor-version":[{"id":321,"href":"https:\/\/voice-rejoice.com\/index.php?rest_route=\/wp\/v2\/pages\/13\/revisions\/321"}],"wp:attachment":[{"href":"https:\/\/voice-rejoice.com\/index.php?rest_route=%2Fwp%2Fv2%2Fmedia&parent=13"}],"curies":[{"name":"wp","href":"https:\/\/api.w.org\/{rel}","templated":true}]}}

<h2 class="wp-block-heading">Pedro Santos Figueira</h2>



<div class="wp-block-media-text is-stacked-on-mobile is-image-fill-element" style="grid-template-columns:40% auto"><figure class="wp-block-media-text__media"><img loading="lazy" decoding="async" width="1024" height="982" src="https://voice-rejoice.com/wp-content/uploads/2024/04/Pedro-Santos-Figueira-1024x982.png" alt="" class="wp-image-56 size-full" style="object-position:57% 30%" srcset="https://voice-rejoice.com/wp-content/uploads/2024/04/Pedro-Santos-Figueira-1024x982.png 1024w, https://voice-rejoice.com/wp-content/uploads/2024/04/Pedro-Santos-Figueira-300x288.png 300w, https://voice-rejoice.com/wp-content/uploads/2024/04/Pedro-Santos-Figueira-768x736.png 768w, https://voice-rejoice.com/wp-content/uploads/2024/04/Pedro-Santos-Figueira-1536x1473.png 1536w, https://voice-rejoice.com/wp-content/uploads/2024/04/Pedro-Santos-Figueira-2048x1964.png 2048w, https://voice-rejoice.com/wp-content/uploads/2024/04/Pedro-Santos-Figueira-647x620.png 647w, https://voice-rejoice.com/wp-content/uploads/2024/04/Pedro-Santos-Figueira-1043x1000.png 1043w, https://voice-rejoice.com/wp-content/uploads/2024/04/Pedro-Santos-Figueira-600x575.png 600w, https://voice-rejoice.com/wp-content/uploads/2024/04/Pedro-Santos-Figueira-400x384.png 400w" sizes="auto, (max-width: 1024px) 100vw, 1024px" /></figure><div class="wp-block-media-text__content">
<p>&#8222;VOICE, REJOICE!&#8220; wird seit 2015 von <a href="https://pedrosantosfigueira.com" target="_blank" rel="noreferrer noopener"><strong>Pedro Santos Figueira</strong></a> geleitet. Der ausgebildete <strong>Dirigent und Komponist</strong> entwickelt den Klang des Chores stetig weiter. Dabei kann er auf seinen eigenen langjährigen Erfahrungsschatz als Dirigent aber auch als <strong>Sänger</strong> in verschiedenen professionellen Chören und Ensembles im In- und Ausland, darunter der <a href="https://gulbenkian.pt/musica/en/choir-and-orchestra/coro-gulbenkian/" data-type="link" data-id="https://gulbenkian.pt/musica/en/choir-and-orchestra/coro-gulbenkian/" target="_blank" rel="noreferrer noopener">Coro Gulbenkian</a>, das <a href="https://www.wiener-dommusik.at/ensembles_vokalensemble.php" target="_blank" rel="noreferrer noopener">Stephansdom Vokalensemble</a> und der <a href="https://www.asc.at/" data-type="link" data-id="https://www.asc.at/">Arnold Schönberg Chor</a>, zurückgreifen und schafft es zudem neben der Vermittlung von Wissen und Gesangstechnik in der Probenarbeit vor allem auch die Freude am gemeinsamen Musizieren zu transportieren.</p>
</div></div>



<p><strong>Pedro Santos Figueira</strong> schloss seine beiden Studien <strong>Komposition</strong> an der <a href="https://www.esml.ipl.pt/" target="_blank" rel="noreferrer noopener">Escola Superior de Música de Lisboa</a> und <strong>Orchesterdirigieren</strong>, bei Lucas Vis am <a href="https://www.conservatoriumvanamsterdam.nl/en/">Conservatorium van Amsterdam</a> jeweils mit Auszeichnung ab. Zudem studierte er Blockflöte an der Escola de Música do Conservatório Nacional de Lisboa. </p>



<p>Schon seit seiner Studienzeit organisierte und dirigierte er viele verschiedene Orchester, Chöre und Ensembles im In- und Ausland, z.B. das CREA-Orkest, den Leidenhoven Klein Koor, den H7 Chor, den Pulchra Maria Chor, den Chor Cantus Carnuntum, den Jakobus Kirchenchor, die Chorgemeinschaft Berndorf-Veitsau, den Chor Cantate Nova, das Vocal Ensemble Mödling und weitere Instrumental- und Vokalensembles. Zur Aufführung von Mendelssohns Elias im Dom Wiener Neustadt dirigierte Pedro das Mödlinger Symphonische Orchester (MSO) sowie das Vocal Ensemble Mödling und den Lutherchor NÖ. Mit dem Wiener <a href="https://www.concentus21.at/" data-type="link" data-id="https://www.concentus21.at/" target="_blank" rel="noreferrer noopener">Orchester Concentus21</a> interpretierte er in mehreren Konzerten Beethoven, Hummel, Bartholdy, Mozart und Haydn.</p>



<p>Derzeit leitet er den <a href="https://voice-rejoice.com/" data-type="link" data-id="https://voice-rejoice.com/" target="_blank" rel="noreferrer noopener">Gospelchor „VOICE, REJOICE!“</a>, den „<a href="https://www.chorquodlibetbisamberg.com/" target="_blank" rel="noreferrer noopener">Chor Quodlibet Bisamberg</a>“, ist Dirigent der <a href="https://www.pfw.at/">PFW – Brassband Wien</a>. Zudem ist er der Gründer, Dirigent und künstlerische Leiter von „<a href="http://spiritusluminis.com/" target="_blank" rel="noreferrer noopener">Spiritus Luminis</a>“ – einem auf alte und moderne Musik spezialisierten Ensemble aus BerufsmusikerInnen. Darüber hinaus widmet er sich der Komposition.</p>



<p>Kompositionen von Pedro Santos Figueira wurden im In- und Ausland (ur-)aufgeführt. Die Uraufführung seines Werks „Qui habitat in adjutorio Altissimi“ im Wiener Stephansdom vom <a href="https://www.wiener-dommusik.at/ensembles_vokalensemble.php" data-type="link" data-id="https://www.wiener-dommusik.at/ensembles_vokalensemble.php" target="_blank" rel="noreferrer noopener">Stephansdom Vokalensemble</a> unter der Leitung von Domkapellmeister Markus Landerer stellte dabei einen Höhepunkt dar, wenngleich freilich jede (Ur-)aufführung ein besonderer Moment für einen Komponisten ist. Eine Komposition von ihm („Halleluja“) wurde übrigens in der Pfarrkirche Hinterbrühl von „VOICE, REJOICE!“ und unter der Leitung von Pedro Santos Figueira uraufgeführt. Mehr Informationen zu seinen Werken sind hier zu finden: <a href="https://pedrosantosfigueira.com/?page_id=11" target="_blank" rel="noreferrer noopener">Kompositionen</a>.</p>



<p>Weitere Informationen über Pedro Santos Figueira siehe <a href="https://pedrosantosfigueira.com" target="_blank" rel="noreferrer noopener">https://pedrosantosfigueira.com</a></p>



<p></p>
